units digit of g?
0
Let s(f) = 5*f - 2 + 6 - 2*f + 14. Let g be s(-8). Let m(a) = -30*a - 20. What is the hundreds digit of m(g)?
1
Let h = 69537 - -2093. What is the ten thousands digit of h?
7
What is the ten thousands digit of 898/(8 + -13 + 374/74)?
1
Let r = 57877 + -17379. What is the ten thousands digit of r?
4
Let a(t) = 3*t**3 - 3*t**2 + t + 3. Let d be a(3). Let u = 963 - d. What is the units digit of u?
3
Suppose -5*g = 3*x - 6462, 10*g - 3*x - 1296 = 9*g. Let o = g + -639. What is the tens digit of o?
5
Let n(q) = q**2 - 14*q. Let w be n(14). Suppose 5*s - l = -362, -3*s + l + w*l = 216. What is the units digit of (-3 + 2)*1*(s + -1)?
4
Suppose -32*w + 86959 = 5*z - 33*w, 4*z + 8*w = 69620. What is the hundreds digit of z?
3
Let g(r) = -6*r + 13. Let k be g(-1). Suppose 0 = -2*m + 3*p + 805, 22*p - 416 = -m + k*p. What is the units digit of m?
7
Let o(j) = 1297*j - 2425. What is the units digit of o(48)?
1
Let d(v) = 3*v**2 + 5*v - 10. Let m(y) be the second derivative of -y**3/6 - 8*y**2 - 4*y. Let b be m(-11). What is the units digit of d(b)?
0
Suppose 0 = 118*z - 3369701 - 6456395. What is the ten thousands digit of z?
8
Let o(s) = s - 1. Let p(j) = 44. Let g(y) = 6*o(y) - p(y). Let b be g(6). Let n(a) = -7*a + 18. What is the hundreds digit of n(b)?
1
What is the hundreds digit of 4434/(0/(-2) + (-87)/(-58))?
9
Let f(l) = 75*l**2 - 10*l + 7. Suppose 0 = 44*u - 13*u + 93. What is the tens digit of f(u)?
1
Let c(t) = t**3 - 8*t**2 - 8*t + 5. Let q be c(9). Let z be 0 + ((-6)/q - (-9)/21). Suppose z = -3*i - 0*i + 312. What is the hundreds digit of i?
1
Suppose 5934 = 540*c - 534*c. What is the hundreds digit of c?
9
Let r(f) = -25. Let n(q) be the first derivative of q**2/2 + 25*q - 4. Let y(w) = 4*n(w) + 3*r(w). What is the units digit of y(-4)?
9
Suppose 0 = -2*t + b, 6*t - 2*t = -3*b - 20. Let z be (-1)/6*t*(42 + 0). Let r(u) = -u**3 + 15*u**2 - 8*u + 12. What is the tens digit of r(z)?
9
Suppose -1575 = -5*r - 2*r. What is the tens digit of r/(-9)*(-9 + 1 + -1)?
2
Let c = 1655 - 574. Suppose o - c - 960 = 4*a, -5*o - 2*a = -10227. What is the thousands digit of o?
2
Let u = -89 - -58. Let y = u - -34. Suppose -47 = -y*n + 307. What is the units digit of n?
8
What is the units digit of 2/((-48)/(-22842)) - ((-9)/4 - -2)?
2
Suppose 4*n + 3*h = 22813, -5*n + 37061 - 8557 = 2*h. What is the units digit of n?
8
Suppose -2*k - 32 = -2*m + 12, 0 = m + 3*k - 6. Let n(u) = -25 + 42 + 7*u - m. What is the units digit of n(13)?
0
What is the units digit of ((-9)/(36/(-8)))/(-2) + 82?
1
Suppose 0 = 55*f - 63*f - 7400. Let o = -119 - f. What is the hundreds digit of o?
8
What is the tens digit of -3046*(-13 + -1 + 13)?
4
Let q(v) be the first derivative of -v**3/3 + 9*v**2 - 35*v + 5. Let k be q(16). What is the units digit of (2*-15)/(k + 2)?
0
Let m(h) = -h**3 - 14*h**2 - 39*h + 9. Let d be m(-10). Let a = 1 - d. Suppose a*y - 5*s + 0*s - 311 = 0, y - s = 163. What is the tens digit of y?
6
Let m = -47 - -49. Suppose 3*k + o = 21, 2*o - 12 = -m*k + k. What is the hundreds digit of (k + -7)/(2/(-404))?
2
Let l(i) = -41*i - 88. Let g be l(5). What is the units digit of (g/5)/(-4 + 171/45)?
3
Let w(i) = -i**3 - 6*i**2 + 7*i + 6. Let d be w(-7). Suppose -9*k + d*k = -15. Suppose k*u - 95 = 35. What is the units digit of u?
6
Suppose 40*w + 13198 = l + 35*w, -4*l = -5*w - 52762. What is the ten thousands digit of l?
1
Suppose -5*y = c - 39544, c + 598*y - 39512 = 597*y. What is the ten thousands digit of c?
3
Let d = -8016 - -14930. What is the thousands digit of d?
6
Suppose 0 = 758*v - 766*v + 53832. What is the tens digit of v?
2
Let b = 48 + -52. Let y be 4 - 1 - (12/b - 8). Suppose 5*o + y = 5*q - 26, -5*o = 3*q - 56. What is the units digit of q?
2
Suppose 3*q + 21 = 0, -f + 4*q + 40903 = 16121. What is the units digit of f?
4
Let i(f) = 21219*f**3 - f**2 + 27*f - 25. What is the ten thousands digit of i(1)?
2
Let b = -226 - 284. Let h = -343 - b. What is the units digit of h?
7
Suppose -n - 459 = -1175. Suppose 0 = -z - x - 194 + 50, 5*z + 3*x = -n. Let s = z - -209. What is the units digit of s?
7
Suppose -55*y + 98427 + 157281 = -286097. What is the units digit of y?
1
Let d be -1 - -6 - 18/1. Let g be (2 - 3)/((-3)/117). Let m = d + g. What is the units digit of m?
6
Suppose 25 = f + 2*f - n, 0 = -2*n - 8. Suppose -3*j + r = -875, -4*j - 3*r + f*r = -1164. What is the units digit of j?
2
Let i = 13 + -5. Suppose -2*q - 32 = -i. Let h(p) = -21*p - 34. What is the tens digit of h(q)?
1
Suppose s - 4*b = 641, 3*s + 227 = -3*b + 2165. What is the tens digit of 395299/s + (-2)/(-15)?
1
Let x(y) = 195*y**2 - 9*y + 21. Let v be x(3). Suppose -v = 69*a - 72*a. What is the units digit of a?
3
Suppose -3*v + 5*r + 6589 = v, 5*r + 5 = 0. Let x = -1122 + v. What is the hundreds digit of x?
5
What is the hundreds digit of ((-243)/(-12))/(45/(-3732)*2/(-20))?
7
Let d(g) = 128*g**2 + 7*g + 16. Let b be d(-4). Suppose 5*t - b = 304. What is the tens digit of t?
6
Let d(g) = 4*g**2 + 35*g + 585. What is the tens digit of d(-62)?
9
Let i be 10 - 25/(-10)*-2. Suppose 5*b + 1210 = 5*y, -10*y + 238 = -9*y - i*b. What is the units digit of y?
3
Suppose 2*y - 3 = -5*i, 5*y = y - i + 15. Suppose 0*s = -3*s. Suppose 55 = y*p - 3*j, p - j - 5 - 8 = s. What is the units digit of p?
6
Suppose -19*n = -21*n + 230. Let f = 13 + -8. Suppose 0 = 3*k + 5*x - n, x - 177 = -f*k - 0*k. What is the tens digit of k?
3
Let k = 20617 - -9752. What is the tens digit of k?
6
Suppose -4*d + 179904 = -4*i + 9*i, 0 = 4*i + 5*d - 143916. What is the tens digit of i?
8
Let k be 4 + 550/(-15) - 2/(-3). What is the hundreds digit of k/32 + 300 + (1 - 1)?
2
Let f(g) = 3*g + 20. Suppose -24 = 8*v - 4*v. Let i be f(v). What is the tens digit of i/(-2) + -1 - -17?
1
Let c = -12837 - -19253. What is the hundreds digit of c?
4
Let f be (32 - -1)*(-10)/(-30). Suppose 4331 = f*c + 107. Suppose 2*y + 3*m - 5*m = c, -4*m = 2*y - 414. What is the hundreds digit of y?
1
Let u(t) = 7*t**2 - t**3 + 4*t - 86 + 92 + 5*t**3. What is the units digit of u(6)?
6
Let n(s) be the second derivative of -s**5/2 - s**4/3 + 3*s**3/2 + 11*s**2 + 2*s + 7. What is the tens digit of n(-4)?
6
Let r(j) = j**2 - 3*j - 9. Let q(h) = -3*h - 10. Let n be q(-3). Let d be ((-1)/n)/((-2)/12). What is the tens digit of r(d)?
4
Suppose -2*r = j - 182, 5*r + 546 = 10*j - 7*j. What is the units digit of 28/6*(j - -4)?
8
Suppose -2*q - 7*q = -62370. Suppose -3*n = 11*n - q. What is the tens digit of n?
9
Let b be 3 - 0/(-4 + 3). Suppose 3*y + 450 = -b*y. Let z = 207 + y. What is the units digit of z?
2
Suppose 0 = -13*d + 7*d + 486. Let l = -79 + d. Suppose -l*o = 5*o - 1477. What is the units digit of o?
1
Let r(b) = 533*b**2 - 2*b + 11. What is the hundreds digit of r(4)?
5
Let z(t) = -301*t + 2398. What is the ten thousands digit of z(-53)?
1
Let d = -299 - -844. Let c = d - 41. Suppose 0*p - 5*p = l - c, -3*p + 320 = 5*l. What is the tens digit of p?
0
Let n = 40 + -35. Suppose 19 - 4 = -2*o + 3*f, -5*f + 25 = n*o. Suppose o = 3*j + 2*p - 761, 0*j = 5*j + p - 1259. What is the units digit of j?
1
Let m(y) be the second derivative of 21*y**5/10 - y**4/6 + y**3 - 7*y**2 - 14*y - 1. What is the hundreds digit of m(2)?
3
Let t(q) = 2*q**2 - 5*q + 337. Let i be t(0). Let y(f) = -166*f - 3. Let r be y(-2). Suppose r = 6*b - i. What is the tens digit of b?
1
Let b = -70 + -22. What is the tens digit of 197448/184 + 8/b?
7
Let g(w) = 2*w**3 - 7*w**2 + 14*w + 8. Let h be g(7). Let d = h - 403. What is the units digit of d?
6
Suppose 2*m = -f + 273, 2*f - 3*m + 2*m - 556 = 0. Suppose -7*a + 136 = -f. Let b = a - 51. What is the units digit of b?
8
Suppose -1365*m + 1344*m = -51240. What is the hundreds digit of m?
4
Let a(k) = 12*k - 7. Let j be a(2). Suppose 0 = j*v - 68 - 34. Let l(c) = 2*c**2 - 4*c - 22. What is the units digit of l(v)?
6
Suppose t - 28339 = 8*r, -2*r + 84892 = 3*t - r. What is the units digit of t?
9
Suppose 5*m = 2*m + r + 74, 5*r = -5*m + 110. Let p = m - 24. Suppose -2*j + 12 + 26 = p. What is the tens digit of j?
1
Suppose 3*h + 12*p - 10*p - 14197 = 0, -9438 = -2*h + 4*p. What is the units digit of h?
9
Let z(w) = -67*w**3 + w**2 + 5*w + 3. Let y be (18/((-99)/11))/(1 + 0). What is the tens digit of